6*y + 9. Calculate j(4).
1
Let b(y) = -y**3 - 9*y**2 + 15*y - 12. Give b(-11).
65
Let b(j) = j**3 + 3*j**2 + 3*j + 3. What is b(-3)?
-6
Let s(j) = -j**3 + j**2 - j - 1. Calculate s(0).
-1
Let x(p) = -p**2 + 10*p + 8. Calculate x(-3).
-31
Let c(n) = -20*n + 31. What is c(3)?
-29
Let a(s) = s**2 + 7*s + 8. Calculate a(-4).
-4
Let t(s) = s - 14. Give t(-6).
-20
Let p(g) = 4*g + 87. Give p(-22).
-1
Let o(x) = x**3 + 6*x**2 + x + 1. Calculate o(-4).
29
Let h(z) = z**2 + 7*z - 74. Calculate h(-13).
4
Let q(s) = 3*s + 1. What is q(2)?
7
Let h(t) = -t**3 + 7*t**2. Give h(6).
36
Let u(g) = -g**3 + g**2 + 42*g - 10. Give u(7).
-10
Let r(m) = m**3 + 2*m**2 - 4*m - 5. Determine r(-2).
3
Let b(x) = 17*x + 3. What is b(-2)?
-31
Let s(z) = -z**2 + 13*z + 18. Determine s(14).
4
Let r(m) = m**3 - 8*m**2 + 8*m - 15. Determine r(7).
-8
Let m(w) = w**3 - 13*w**2 + 14*w - 17. Calculate m(12).
7
Let t(z) = 16*z**2 - 3*z + 4. Determine t(2).
62
Let v(z) = 12*z. Determine v(1).
12
Let c(x) = -20*x**2 + x. Calculate c(1).
-19
Let k(g) = 3*g. Give k(1).
3
Let r(f) = -f**2 - 3*f - 2. Give r(-4).
-6
Let t(i) = i**2 + 2*i - 1. Determine t(-3).
2
Let k(q) = -q**2 - 51*q - 55. Give k(-50).
-5
Let j(l) = -6*l + 16. Determine j(1).
10
Let k(o) = o**3 - 9*o**2 + 2*o - 18. Calculate k(9).
0
Let l(z) = -z + 5. Calculate l(5).
0
Let r(n) = n**3 + 16*n**2 - 11*n - 17. Give r(-17).
-119
Let y(o) = o - 9. Determine y(-9).
-18
Let j(f) = f**3 - 5*f + 1. Give j(-4).
-43
Let p(v) = 16*v + 149. Determine p(-9).
5
Let l(v) = 6*v + 3. Determine l(2).
15
Let c(p) = -p**2 + 11*p - 1. Give c(9).
17
Let u(j) = 4*j + 14. Calculate u(1).
18
Let m(u) = 10*u**2 + 2*u + 4. Give m(3).
100
Let d(q) = -q**2 + 35*q - 61. What is d(2)?
5
Let n(u) = -2*u - 21. What is n(-9)?
-3
Let g(j) = 2*j**3 + 3*j**2 + 2*j + 1. Calculate g(-3).
-32
Let b(n) = 46*n + 277. Calculate b(-6).
1
Let n(z) = 5*z - 1. Determine n(4).
19
Let s(q) = -3*q - 1. Determine s(-7).
20
Let o(i) = i**3 + 2*i**2 - 6*i - 5. Determine o(-4).
-13
Let y(h) = -h**2 - 11*h + 11. What is y(-10)?
21
Let x(z) = -z**2 + z - 17. Calculate x(0).
-17
Let z(y) = -y - 12. Give z(-20).
8
Let l(y) = y**3 - 5*y**2 + 4*y + 1. Determine l(3).
-5
Let u(j) = 21*j**2 - 2*j - 2. Calculate u(-1).
21
Let q(a) = -3*a**3 + 3*a**2 + 11. What is q(3)?
-43
Let h(p) = -p**2 + 48*p + 330. Calculate h(-6).
6
Let b(w) = -w**2 - 10*w - 12. What is b(-9)?
-3
Let y(s) = -s**2 - 15*s - 17. Give y(-12).
19
Let l(i) = 2*i**3 - 6*i + 3. What is l(2)?
7
Let d(t) = t**3 + 8*t**2 + 9*t - 14. Determine d(-6).
4
Let q(p) = 3*p - 11. Give q(4).
1
Let u(f) = f**3 + 7*f**2 - f - 1. Give u(-5).
54
Let h(m) = -11*m. What is h(1)?
-11
Let v(n) = -2*n**2 + 3*n + 3. What is v(4)?
-17
Let d(j) = -j**3 - 16*j**2 - 21*j - 22. Calculate d(-15).
68
Let t(g) = -3*g**2 - 9*g + 15. What is t(-5)?
-15
Let w(a) = -11*a + 16. Calculate w(-5).
71
Let g(s) = -s**3 - 8*s**2 - 8*s - 67. Calculate g(-8).
-3
Let f(g) = g**3 - 8*g**2 + 6*g - 25. Determine f(8).
23
Let u(i) = i**2. Give u(5).
25
Let d(x) = -8*x + 1. Calculate d(3).
-23
Let t(p) = -8*p**2 - 1. What is t(1)?
-9
Let u(o) = -o**2 + 8*o + 8. What is u(8)?
8
Let h(x) = 9*x - 65. Calculate h(16).
79
Let i(r) = -r**2 + r - 15. Determine i(0).
-15
Let j(u) = -u**3 + 7*u**2 - 3*u + 9. Give j(6).
27
Let l(w) = 5*w + 4. What is l(-11)?
-51
Let m(j) = -2*j + 101. What is m(23)?
55
Let i(f) = -f**3 - 5*f**2 + 1. Give i(-4).
-15
Let d(i) = i**2 - 9*i + 9. What is d(11)?
31
Let q(m) = -50*m. Determine q(1).
-50
Let o(t) = 6*t**3 + 6*t**2 - 4. Determine o(-1).
-4
Let r(k) = 18*k**2 - 18*k + 2. Give r(1).
2
Let f(i) = -19*i**2 - 1. What is f(1)?
-20
Let p(w) = -w**3 + 8*w**2 + 24*w - 36. Calculate p(10).
4
Let x(q) = -q + 36. What is x(2)?
34
Let z(n) = -12*n + 270. Give z(23).
-6
Let b(t) = t**2 - 14*t + 2. Calculate b(11).
-31
Let c(r) = -r**3 + r**2 + 10*r - 4. Give c(-3).
2
Let p(u) = -2*u**2 + 45*u - 16. Give p(22).
6
Let s(g) = -g**3 - 5*g**2 + 2*g + 1. Determine s(-3).
-23
Let y(u) = -u**2 - 2*u + 111. Give y(0).
111
Let c(g) = g**2 + 22*g - 243. Determine c(-30).
-3
Let a(z) = -54*z - 216. Calculate a(-4).
0
Let b(t) = -2*t - 3. Give b(-4).
5
Let h(q) = q**2 + 1. Give h(2).
5
Let j(y) = 3*y + 2. Give j(-9).
-25
Let w(p) = p**3 - 9*p**2 - 28*p + 19. Determine w(11).
-47
Let z(b) = 11*b**2. Determine z(-2).
44
Let u(p) = 3*p + 36. Give u(-6).
18
Let z(s) = -5*s - 26. Calculate z(-7).
9
Let n(m) = -m**2 - 10*m - 7. What is n(-9)?
2
Let r(h) = 6*h - 2. Give r(-5).
-32
Let m(r) = -r**3 - 8*r**2 + 2*r + 9. Give m(-8).
-7
Let h(b) = -2*b**2 - 29*b - 6. Give h(-13).
33
Let n(c) = -10*c - 8. What is n(-2)?
12
Let w(n) = n - 3. Determine w(0).
-3
Let s(c) = -c**3 - 18*c**2 - 20*c - 31. Give s(-17).
20
Let t(o) = 45*o**2 - 2*o + 1. Give t(1).
44
Let j(p) = -p**2 + 13*p - 24. Give j(12).
-12
Let r(m) = m**2 - 13*m + 28. Give r(7).
-14
Let a(m) = -132*m + 535. Determine a(4).
7
Let c(u) = -2*u**2 + 35*u - 37. What is c(20)?
-137
Let j(i) = -5*i**2 - 117*i - 46. What is j(-23)?
0
Let g(i) = -i**3 + 2*i**2 - 3*i. What is g(2)?
-6
Let a(g) = -3*g. Give a(-5).
15
Let h(a) = -a**3 + 5*a**2 - a + 3. Calculate h(6).
-39
Let f(u) = u**3 + 17*u**2 + 18*u + 34. What is f(-16)?
2
Let z(n) = 7*n**2 - 2*n - 1. Calculate z(2).
23
Let l(r) = r**2 + 2*r - 70. Determine l(9).
29
Let n(a) = -4*a. Calculate n(-5).
20
Let a(j) = -j**2 - 6*j + 6. Calculate a(-6).
6
Let f(o) = o**3 + 7*o**2 + 6*o - 3. What is f(-6)?
-3
Let v(g) = g**3 - 16*g**2 - 18*g + 8. Give v(17).
-9
Let u(m) = 15*m**3 - 2*m**2 + 13*m - 12. Give u(1).
14
Let i(z) = 39*z - 231. What is i(6)?
3
Let t(y) = -y**2 + 15*y + 36. What is t(9)?
90
Let d(h) = h**2 - 9*h - 77. Determine d(-5).
-7
Let k(o) = -o**2 - 4*o + 5. What is k(-4)?
5
Let q(v) = -v**2 - v + 4. Calculate q(0).
4
Let b(t) = -t**3 + 61*t**2 + 60*t + 115. Calculate b(62).
-9
Let m(i) = i**3 - 7*i**2 + 3*i - 8. Determine m(7).
13
Let b(g) = g**3 - 8*g**2 - g + 6. Determine b(7).
-50
Let g(y) = -y**2 + 21*y - 34. Calculate g(19).
4
Let v(n) = -n**2 - 8*n + 7. Give v(-7).
14
Let w(o) = o**3 + 41*o**2 - o - 44. Give w(-41).
-3
Let d(s) = -3*s - 10. Give d(-5).
5
Let i(w) = 5*w**2 - 4*w + 3. Give i(2).
15
Let u(n) = -n**2 - 6*n + 6. Calculate u(4).
-34
Let v(t) = -t**3 - 10*t**2 - 4*t + 11. What is v(-4)?
-69
Let o(h) = h + 21. Determine o(-13).
8
Let g(t) = -t + 2. What is g(-3)?
5
Let m(c) = -7*c + 46. Determine m(7).
-3
Let b(n) = -6*n**2 - n - 3. Give b(-3).
-54
Let g(f) = 2*f**3 + 7*f**2 - 22*f - 30. What is g(-5)?
5
Let z(s) = s**3 - 3*s**2 - 5*s + 3. What is z(-4)?
-89
Let q(n) = 4*n - 49. Determine q(15).
11
Let w(c) = -13*c - 627. What is w(-49)?
10
Let l(t) = t**3 - 39*t**2 + 167*t + 108. Give l(34).
6
Let q(x) = x**3 + 6*x**2 - 7*x + 7. Calculate q(-7).
7
Let w(x) = -16*x**2 + 10*x + 15. Determine w(-2).
-69
Let y(i) = 2*i**3 - 6*i**2 + i + 2. Determine y(2).
-4
Let g(l) = -l**3 - 4*l**2 + l - 7. What is g(-4)?
-11
Let l(h) = -14*h - 10. Calculate l(-10).
130
Let l(d) = -d**2 + 14*d - 11. Determine l(13).
2
Let n(j) = -j**3 - 2*j**2 - 5*j + 7. Calculate n(2).
-19
Let v(s) = -s**3 - 12*s**2 - 6*s - 3. Determine v(-11).
-58
Let a(w) = -w**3 + 6*w**2 - 5*w - 1. Calculate a(4).
11
Let r(f) = -f**3 - 10*f**2 - 10*f - 12. Give r(-9).
-3
Let w(y) = -7*y - 5. Determine w(-7).
44
Let y(z) = 6*z + 25. Determine y(-6).
-11
Let b(t) = -t**2 + 8*t - 7. Calculate b(7).
0
Let x(m) = 7*m + 58. What is x(-8)?
2
Let x(j) = -j**2 - j + 33. Give x(5).
3
Let a(f) = 15*f + 14. What is a(-3)?
-31
Let q(t) = -t - 21. Give q(-9).
-12
Let f(g) = 34*g - 204. Determine f(6).
0
Let l(t) = -t**2 + 5*t + 45. Determine l(-6).
-21
Let w(c) = -c**3 - 26*c**2 - 32*c - 170. Give w(-25).
5
Let a(t) = 2*t**3 + 18*t**2 + 2*t + 12. Give a(-9).
-6
Let j(d) = -d**3 + 2*d**2 + 7*d - 5. Calculate j(4).
-9
Let v(y) = -y**3 + y**2 - 3*y - 3. What is v(-2)?
15
Let b(n) = n**2 + n + 2. Calculate b(0).
2
Let m(f) = -f - 31. Give m(-16).
-15
Let s(h) = h**3 - 6*h + 5. Determine s(4).
45
Let x(n) = n**2 + 2*n - 6. Calculate x(-5).
9
Let t(c) = -c + 10. Determine t(7).
3
Let c(g) = -g**3 - 10*g**2 - 9*g + 14. Calculate c(-8).
-42
Let v(h) = -3*h + 10. What is v(3)?
1
Let s(f) = f**2 - 16*f + 7. Give s(16).
7
Let j(i) = -14*i - 108. What is j(-11)?
46
Let d(f) = f**2 + 8*f + 10. Give d(-3).
-5
Let 